{"id":5819,"date":"2020-08-04T13:57:52","date_gmt":"2020-08-04T19:57:52","guid":{"rendered":"http:\/\/www.innovationanthology.com\/import\/sponsors\/nserc-industrial-research-chair-in-integrated-landscape-management-copy\/"},"modified":"2020-08-04T14:17:02","modified_gmt":"2020-08-04T20:17:02","slug":"canada-foundation-for-innovation","status":"publish","type":"page","link":"http:\/\/www.innovationanthology.com\/import\/sponsors\/canada-foundation-for-innovation\/","title":{"rendered":"Canada Foundation for Innovation"},"content":{"rendered":"<!--themify_builder_content-->\n<div id=\"themify_builder_content-5819\" data-postid=\"5819\" class=\"themify_builder_content themify_builder_content-5819 themify_builder tf_clear\">\n                    <div  data-lazy=\"1\" class=\"module_row themify_builder_row tb_csfa959 tb_first tf_w\">\n                        <div class=\"row_inner col_align_top tb_col_count_1 tf_box tf_rel\">\n                        <div  data-lazy=\"1\" class=\"module_column tb-column col-full tb_9pik961 first\">\n                            <div  data-lazy=\"1\" class=\"module_subrow themify_builder_sub_row tf_w col_align_top tb_col_count_3 tb_04jj963\">\n                <div  data-lazy=\"1\" class=\"module_column sub_column col3-1 tb_nsec965 first\">\n                            <\/div>\n                    <div  data-lazy=\"1\" class=\"module_column sub_column col3-1 tb_uhhr969\">\n                    <!-- module image -->\n<div  class=\"module module-image tb_xbyh971 image-top   tf_mw\" data-lazy=\"1\">\n        <div class=\"image-wrap tf_rel tf_mw\">\n            <img loading=\"lazy\" decoding=\"async\" width=\"800\" height=\"290\" src=\"http:\/\/www.innovationanthology.com\/import\/wp-content\/uploads\/2020\/08\/CFI.jpg\" class=\"wp-post-image wp-image-5853\" title=\"CFI\" alt=\"CFI\" srcset=\"http:\/\/www.innovationanthology.com\/import\/wp-content\/uploads\/2020\/08\/CFI.jpg 800w, http:\/\/www.innovationanthology.com\/import\/wp-content\/uploads\/2020\/08\/CFI-300x109.jpg 300w, http:\/\/www.innovationanthology.com\/import\/wp-content\/uploads\/2020\/08\/CFI-768x278.jpg 768w\" sizes=\"auto, (max-width: 800px) 100vw, 800px\" \/>    \n        <\/div>\n    <!-- \/image-wrap -->\n    \n        <\/div>\n<!-- \/module image -->        <\/div>\n                    <div  data-lazy=\"1\" class=\"module_column sub_column col3-1 tb_f3bm973 last\">\n                            <\/div>\n                    <\/div>\n        <!-- module text -->\n<div  class=\"module module-text tb_pout974   \" data-lazy=\"1\">\n        <div  class=\"tb_text_wrap\">\n        <p>The Canada Foundation for Innovation (CFI) is an independent corporation created by the Government of Canada to fund research infrastructure\u2014state-of-the-art equipment, laboratories, databases, and the buildings necessary to conduct research. The CFI\u2019s mandate is to strengthen the capacity of Canadian universities, colleges, research hospitals, and non-profit research institutions to carry out world-class research and technology development that benefits Canadians.<\/p><p>Since its creation in 1997, CFI investments in research infrastructure have lead to breakthroughs in areas such as health, natural resources, information and communications technology, energy, and the environment.<\/p><p><br \/><br \/>La Fondation canadienne pour l\u2019innovation (FCI) est un organisme autonome cr\u00e9\u00e9 par le gouvernement du Canada pour financer l\u2019infrastructure de recherche\u2014l\u2019\u00e9quipement de pointe, les laboratoires, les bases de donn\u00e9es de m\u00eame que les b\u00e2timents n\u00e9cessaires pour mener des travaux de recherche. Le mandat de la FCI est de renforcer la capacit\u00e9 des universit\u00e9s, des coll\u00e8ges et des h\u00f4pitaux de recherche, de m\u00eame que des \u00e9tablissements de recherche \u00e0 but non lucratif du Canada de mener des projets de recherche et de d\u00e9veloppement technologique de calibre mondial qui produisent des retomb\u00e9es pour les Canadiens.<\/p><p>Depuis la cr\u00e9ation de la FCI en 1997, les investissements qu\u2019elle a faits dans l\u2019infrastructure ont men\u00e9 \u00e0 des perc\u00e9es dans des domaines tels que la sant\u00e9, les ressources naturelles, les technologies de l\u2019information et des communications, l\u2019\u00e9nergie et l\u2019environnement.<\/p>    <\/div>\n<\/div>\n<!-- \/module text -->        <\/div>\n                        <\/div>\n        <\/div>\n                        <div  data-lazy=\"1\" class=\"module_row themify_builder_row tb_co7r959 tf_w\">\n                        <div class=\"row_inner col_align_top tb_col_count_1 tf_box tf_rel\">\n                        <div  data-lazy=\"1\" class=\"module_column tb-column col-full tb_ypog977 first\">\n                    <!-- module text -->\n<div  class=\"module module-text tb_i4sz979   \" data-lazy=\"1\">\n        <div  class=\"tb_text_wrap\">\n        <h2>Programs<\/h2>    <\/div>\n<\/div>\n<!-- \/module text --><!-- module post -->\n<div  class=\"module module-post tb_sq26980 \">\n    <div  class=\"builder-posts-wrap loops-wrapper list-thumb-image classic tf_clear tf_clearfix\" data-lazy=\"1\">\n    <article id=\"post-473\" class=\"post tf_clearfix post-473 type-post status-publish format-standard hentry category-canada-foundation-for-innovation category-genomics category-health-and-medicine has-post-title no-post-date has-post-category has-post-tag has-post-comment has-post-author \">\n\t    \n\t\t<div class=\"post-content\">\n\t\t<div class=\"post-content-inner\">\n\n\t\t\t\n\t\t\t<h2 class=\"post-title entry-title\"><a href=\"http:\/\/www.innovationanthology.com\/import\/2008\/12\/11\/innovation-anthology-192\/\">Innovation Anthology #192:<\/a><\/h2>\n\t\t\t\n\t\t\t\n\t\t\t        <div class=\"entry-content\">\n\n        \n        <\/div><!-- \/.entry-content -->\n        \n\t\t<\/div>\n\t\t<!-- \/.post-content-inner -->\n\t<\/div>\n\t<!-- \/.post-content -->\n\t\n<\/article>\n<!-- \/.post -->\n<article id=\"post-471\" class=\"post tf_clearfix post-471 type-post status-publish format-standard hentry category-canada-foundation-for-innovation category-genomics category-health-and-medicine has-post-title no-post-date has-post-category has-post-tag has-post-comment has-post-author \">\n\t    \n\t\t<div class=\"post-content\">\n\t\t<div class=\"post-content-inner\">\n\n\t\t\t\n\t\t\t<h2 class=\"post-title entry-title\"><a href=\"http:\/\/www.innovationanthology.com\/import\/2008\/12\/09\/innovation-anthology-191\/\">Innovation Anthology #191:<\/a><\/h2>\n\t\t\t\n\t\t\t\n\t\t\t        <div class=\"entry-content\">\n\n        \n        <\/div><!-- \/.entry-content -->\n        \n\t\t<\/div>\n\t\t<!-- \/.post-content-inner -->\n\t<\/div>\n\t<!-- \/.post-content -->\n\t\n<\/article>\n<!-- \/.post -->\n<article id=\"post-400\" class=\"post tf_clearfix post-400 type-post status-publish format-standard hentry category-canada-foundation-for-innovation category-health-and-medicine has-post-title no-post-date has-post-category has-post-tag has-post-comment has-post-author \">\n\t    \n\t\t<div class=\"post-content\">\n\t\t<div class=\"post-content-inner\">\n\n\t\t\t\n\t\t\t<h2 class=\"post-title entry-title\"><a href=\"http:\/\/www.innovationanthology.com\/import\/2008\/08\/28\/innovation-anthology-164-professor-chemistry-biochemistry\/\">Innovation Anthology #164: Professor, Chemistry &#038; Biochemistry<\/a><\/h2>\n\t\t\t\n\t\t\t\n\t\t\t        <div class=\"entry-content\">\n\n        \n        <\/div><!-- \/.entry-content -->\n        \n\t\t<\/div>\n\t\t<!-- \/.post-content-inner -->\n\t<\/div>\n\t<!-- \/.post-content -->\n\t\n<\/article>\n<!-- \/.post -->\n<article id=\"post-398\" class=\"post tf_clearfix post-398 type-post status-publish format-standard hentry category-canada-foundation-for-innovation category-space has-post-title no-post-date has-post-category has-post-tag has-post-comment has-post-author \">\n\t    \n\t\t<div class=\"post-content\">\n\t\t<div class=\"post-content-inner\">\n\n\t\t\t\n\t\t\t<h2 class=\"post-title entry-title\"><a href=\"http:\/\/www.innovationanthology.com\/import\/2008\/08\/26\/innovation-anthology-163-gold-medal-winner-2016-igem-competition-and-phd-candidate-biological-and-moledular-sciences\/\">Innovation Anthology #163: Gold Medal Winner 2016 iGEM Competition, and PhD Candidate, Biological and Moledular Sciences<\/a><\/h2>\n\t\t\t\n\t\t\t\n\t\t\t        <div class=\"entry-content\">\n\n        \n        <\/div><!-- \/.entry-content -->\n        \n\t\t<\/div>\n\t\t<!-- \/.post-content-inner -->\n\t<\/div>\n\t<!-- \/.post-content -->\n\t\n<\/article>\n<!-- \/.post -->\n<article id=\"post-396\" class=\"post tf_clearfix post-396 type-post status-publish format-standard hentry category-canada-foundation-for-innovation category-space has-post-title no-post-date has-post-category has-post-tag has-post-comment has-post-author \">\n\t    \n\t\t<div class=\"post-content\">\n\t\t<div class=\"post-content-inner\">\n\n\t\t\t\n\t\t\t<h2 class=\"post-title entry-title\"><a href=\"http:\/\/www.innovationanthology.com\/import\/2008\/08\/21\/innovation-anthology-162-founder-and-ceo\/\">Innovation Anthology #162: Founder and CEO<\/a><\/h2>\n\t\t\t\n\t\t\t\n\t\t\t        <div class=\"entry-content\">\n\n        \n        <\/div><!-- \/.entry-content -->\n        \n\t\t<\/div>\n\t\t<!-- \/.post-content-inner -->\n\t<\/div>\n\t<!-- \/.post-content -->\n\t\n<\/article>\n<!-- \/.post -->\n<article id=\"post-394\" class=\"post tf_clearfix post-394 type-post status-publish format-standard hentry category-canada-foundation-for-innovation category-space has-post-title no-post-date has-post-category has-post-tag has-post-comment has-post-author \">\n\t    \n\t\t<div class=\"post-content\">\n\t\t<div class=\"post-content-inner\">\n\n\t\t\t\n\t\t\t<h2 class=\"post-title entry-title\"><a href=\"http:\/\/www.innovationanthology.com\/import\/2008\/08\/19\/innovation-anthology-161-president-and-founder\/\">Innovation Anthology #161: President and Founder<\/a><\/h2>\n\t\t\t\n\t\t\t\n\t\t\t        <div class=\"entry-content\">\n\n        \n        <\/div><!-- \/.entry-content -->\n        \n\t\t<\/div>\n\t\t<!-- \/.post-content-inner -->\n\t<\/div>\n\t<!-- \/.post-content -->\n\t\n<\/article>\n<!-- \/.post -->\n<article id=\"post-391\" class=\"post tf_clearfix post-391 type-post status-publish format-standard hentry category-canada-foundation-for-innovation category-health-and-medicine has-post-title no-post-date has-post-category has-post-tag has-post-comment has-post-author \">\n\t    \n\t\t<div class=\"post-content\">\n\t\t<div class=\"post-content-inner\">\n\n\t\t\t\n\t\t\t<h2 class=\"post-title entry-title\"><a href=\"http:\/\/www.innovationanthology.com\/import\/2008\/08\/14\/innovation-anthology-160-land-stewardship-coordinator\/\">Innovation Anthology #160: Land Stewardship Coordinator<\/a><\/h2>\n\t\t\t\n\t\t\t\n\t\t\t        <div class=\"entry-content\">\n\n        \n        <\/div><!-- \/.entry-content -->\n        \n\t\t<\/div>\n\t\t<!-- \/.post-content-inner -->\n\t<\/div>\n\t<!-- \/.post-content -->\n\t\n<\/article>\n<!-- \/.post -->\n<article id=\"post-386\" class=\"post tf_clearfix post-386 type-post status-publish format-standard hentry category-canada-foundation-for-innovation category-environment category-marine category-wildlife has-post-title no-post-date has-post-category has-post-tag has-post-comment has-post-author \">\n\t    \n\t\t<div class=\"post-content\">\n\t\t<div class=\"post-content-inner\">\n\n\t\t\t\n\t\t\t<h2 class=\"post-title entry-title\"><a href=\"http:\/\/www.innovationanthology.com\/import\/2008\/08\/07\/innovation-anthology-158-general-manager-of-research-and-development\/\">Innovation Anthology #158: General Manager of Research and Development<\/a><\/h2>\n\t\t\t\n\t\t\t\n\t\t\t        <div class=\"entry-content\">\n\n        \n        <\/div><!-- \/.entry-content -->\n        \n\t\t<\/div>\n\t\t<!-- \/.post-content-inner -->\n\t<\/div>\n\t<!-- \/.post-content -->\n\t\n<\/article>\n<!-- \/.post -->\n<article id=\"post-384\" class=\"post tf_clearfix post-384 type-post status-publish format-standard hentry category-canada-foundation-for-innovation category-climate-change category-environment category-marine has-post-title no-post-date has-post-category has-post-tag has-post-comment has-post-author \">\n\t    \n\t\t<div class=\"post-content\">\n\t\t<div class=\"post-content-inner\">\n\n\t\t\t\n\t\t\t<h2 class=\"post-title entry-title\"><a href=\"http:\/\/www.innovationanthology.com\/import\/2008\/08\/05\/innovation-anthology-157-intensive-wood-management-specialist\/\">Innovation Anthology #157: Intensive Wood Management Specialist<\/a><\/h2>\n\t\t\t\n\t\t\t\n\t\t\t        <div class=\"entry-content\">\n\n        \n        <\/div><!-- \/.entry-content -->\n        \n\t\t<\/div>\n\t\t<!-- \/.post-content-inner -->\n\t<\/div>\n\t<!-- \/.post-content -->\n\t\n<\/article>\n<!-- \/.post -->\n<article id=\"post-382\" class=\"post tf_clearfix post-382 type-post status-publish format-standard hentry category-canada-foundation-for-innovation category-environment category-marine category-water has-post-title no-post-date has-post-category has-post-tag has-post-comment has-post-author \">\n\t    \n\t\t<div class=\"post-content\">\n\t\t<div class=\"post-content-inner\">\n\n\t\t\t\n\t\t\t<h2 class=\"post-title entry-title\"><a href=\"http:\/\/www.innovationanthology.com\/import\/2008\/07\/31\/innovation-anthology-156-operations-and-marketing-manager\/\">Innovation Anthology #156: Operations and Marketing Manager<\/a><\/h2>\n\t\t\t\n\t\t\t\n\t\t\t        <div class=\"entry-content\">\n\n        \n        <\/div><!-- \/.entry-content -->\n        \n\t\t<\/div>\n\t\t<!-- \/.post-content-inner -->\n\t<\/div>\n\t<!-- \/.post-content -->\n\t\n<\/article>\n<!-- \/.post -->\n    <\/div><!-- .builder-posts-wrap -->\n            <\/div>\n<!-- \/module post -->\n            <\/div>\n                        <\/div>\n        <\/div>\n        <\/div>\n<!--\/themify_builder_content-->","protected":false},"excerpt":{"rendered":"<p>The Canada Foundation for Innovation (CFI) is an independent corporation created by the Government of Canada to fund research infrastructure\u2014state-of-the-art equipment, laboratories, databases, and the buildings necessary to conduct research. The CFI\u2019s mandate is to strengthen the capacity of Canadian universities, colleges, research hospitals, and non-profit research institutions to carry out world-class research and technology [&hellip;]<\/p>\n","protected":false},"author":2,"featured_media":0,"parent":2393,"menu_order":0,"comment_status":"closed","ping_status":"closed","template":"","meta":{"footnotes":""},"class_list":["post-5819","page","type-page","status-publish","hentry","has-post-title","has-post-date","has-post-category","has-post-tag","has-post-comment","has-post-author",""],"_links":{"self":[{"href":"http:\/\/www.innovationanthology.com\/import\/wp-json\/wp\/v2\/pages\/5819","targetHints":{"allow":["GET"]}}],"collection":[{"href":"http:\/\/www.innovationanthology.com\/import\/wp-json\/wp\/v2\/pages"}],"about":[{"href":"http:\/\/www.innovationanthology.com\/import\/wp-json\/wp\/v2\/types\/page"}],"author":[{"embeddable":true,"href":"http:\/\/www.innovationanthology.com\/import\/wp-json\/wp\/v2\/users\/2"}],"replies":[{"embeddable":true,"href":"http:\/\/www.innovationanthology.com\/import\/wp-json\/wp\/v2\/comments?post=5819"}],"version-history":[{"count":4,"href":"http:\/\/www.innovationanthology.com\/import\/wp-json\/wp\/v2\/pages\/5819\/revisions"}],"predecessor-version":[{"id":5854,"href":"http:\/\/www.innovationanthology.com\/import\/wp-json\/wp\/v2\/pages\/5819\/revisions\/5854"}],"up":[{"embeddable":true,"href":"http:\/\/www.innovationanthology.com\/import\/wp-json\/wp\/v2\/pages\/2393"}],"wp:attachment":[{"href":"http:\/\/www.innovationanthology.com\/import\/wp-json\/wp\/v2\/media?parent=5819"}],"curies":[{"name":"wp","href":"https:\/\/api.w.org\/{rel}","templated":true}]}}